6286.
7137
What is the highest common factor of 2178 and 3781250?
242
Calculate the greatest common divisor of 16937856 and 6032.
6032
Calculate the greatest common factor of 294 and 2178876.
42
Calculate the highest common divisor of 476 and 1240820.
28
Calculate the greatest common factor of 1485 and 2607055.
55
Calculate the greatest common divisor of 250466 and 13298.
122
What is the greatest common factor of 39212332 and 276?
92
Calculate the greatest common divisor of 30929 and 678083.
157
Calculate the highest common factor of 19602 and 19657902.
726
Calculate the highest common divisor of 3782 and 5949574.
122
Calculate the greatest common factor of 241528 and 2289.
7
Calculate the greatest common divisor of 69696 and 168.
24
Calculate the greatest common divisor of 4284540 and 416.
52
What is the greatest common factor of 158066974 and 234?
26
Calculate the greatest common divisor of 76 and 245395564.
76
What is the greatest common factor of 14624 and 56904?
8
What is the greatest common factor of 263478 and 250?
2
What is the greatest common divisor of 8391636 and 297?
99
Calculate the greatest common factor of 337 and 290826619.
337
What is the greatest common factor of 18563799 and 3378?
1689
What is the greatest common divisor of 206139872 and 32?
32
Calculate the greatest common factor of 4657806 and 163386.
522
What is the greatest common factor of 1149 and 135945?
3
What is the highest common divisor of 882 and 91998?
18
What is the highest common factor of 42668264 and 104?
8
What is the greatest common factor of 1404186600 and 480?
120
What is the greatest common divisor of 1350 and 504930?
30
Calculate the greatest common factor of 21121 and 5.
1
Calculate the greatest common divisor of 702 and 6565962.
78
What is the highest common factor of 15079673 and 399?
133
Calculate the greatest common divisor of 20472430 and 330.
110
What is the greatest common divisor of 8841244 and 7472?
1868
Calculate the highest common divisor of 29 and 201701960.
29
What is the highest common divisor of 268 and 7558873?
67
Calculate the highest common factor of 26700 and 49417428.
1068
Calculate the highest common factor of 36611 and 346921.
31
What is the greatest common divisor of 1175 and 145275?
25
Calculate the highest common factor of 1087479484 and 17004.
5668
Calculate the greatest common factor of 18759968 and 16276.
1252
What is the highest common factor of 1414 and 1216167967?
707
What is the highest common factor of 558 and 2853162?
18
Calculate the greatest common divisor of 8832132 and 257580.
5724
What is the greatest common factor of 13319943 and 351?
39
What is the greatest common divisor of 376852 and 121604?
1204
Calculate the highest common factor of 6369 and 66971.
193
What is the highest common factor of 54660645 and 13380?
3345
Calculate the greatest common divisor of 334 and 79470457.
167
What is the greatest common divisor of 32 and 24692656?
16
What is the highest common divisor of 651 and 162351?
21
Calculate the greatest common factor of 10652 and 796.
4
Calculate the greatest common factor of 993181 and 223783.
49
What is the greatest common divisor of 16841160 and 12546?
738
Calculate the highest common divisor of 23635 and 5387965.
815
Calculate the greatest common factor of 84628525 and 75.
25
Calculate the greatest common divisor of 12222706 and 46.
46
Calculate the greatest common divisor of 19955528 and 8.
8
Calculate the highest common divisor of 8595 and 41285223.
1719
Calculate the greatest common factor of 691471 and 209.
11
What is the greatest common divisor of 35682 and 6395529?
939
What is the highest common divisor of 216975 and 1875?
75
Calculate the highest common factor of 459 and 115656678.
153
Calculate the highest common factor of 56155128 and 24.
24
What is the greatest common factor of 104259 and 5169131?
1511
What is the greatest common factor of 26620 and 2132020?
2420
What is the highest common divisor of 2387749 and 8883973?
9667
Calculate the greatest common factor of 1440 and 73113420.
60
Calculate the highest common divisor of 117236088 and 504.
72
What is the greatest common factor of 1760 and 216113480?
440
Calculate the greatest common factor of 88 and 1857603.
11
What is the greatest common divisor of 3776 and 3037792?
1888
What is the greatest common divisor of 748528 and 7583099?
4253
Calculate the greatest common divisor of 49518 and 6102.
54
What is the greatest common factor of 2100 and 76436220?
420
What is the highest common factor of 1125978 and 7553?
581
Calculate the greatest common divisor of 7403336 and 839.
839
What is the highest common divisor of 6769 and 11111797?
967
What is the highest common divisor of 32121 and 243?
9
Calculate the greatest common divisor of 239473528 and 70.
14
What is the highest common divisor of 33683 and 35281647?
2591
Calculate the greatest common factor of 154 and 11524394.
14
What is the highest common factor of 7055452 and 1457?
47
Calculate the highest common factor of 4687 and 9838959.
43
What is the highest common divisor of 10349 and 211167?
79
What is the greatest common divisor of 1792118 and 418?
38
What is the highest common divisor of 548730 and 3038919?
2613
What is the highest common divisor of 1915 and 18354126?
383
What is the highest common divisor of 344016387 and 9009?
1287
What is the greatest common factor of 490240 and 53760?
1280
Calculate the highest common factor of 136 and 90206488.
136
What is the greatest common factor of 271271 and 82819?
11
Calculate the greatest common factor of 7416 and 426729.
309
Calculate the greatest common divisor of 923055796 and 19.
19
What is the greatest common divisor of 83908824 and 387?
129
What is the greatest common divisor of 10 and 19401410?
10
Calculate the greatest common divisor of 501122 and 688.
86
Calculate the greatest common factor of 304731392 and 1429.
1429
What is the highest common factor of 100589 and 291?
97
What is the highest common factor of 514024 and 1886216?
1096
What is the greatest common factor of 43 and 372353?
1
Calculate the greatest common divisor of 583 and 127995901.
583
What is the greatest common factor of 9075 and 227689?
11
Calculate the greatest common divisor of 140760 and 68172.
276
What is the greatest common factor of 201438 and 70326?
18
What is the greatest common divisor of 1082 and 103747570?
1082
Calculate the greatest common factor of 2216 and 59664692.
1108
What is the greatest common factor of 8689730 and 56?
14
Calculate the highest common factor of 24 and 6756216.
24
Calculate the highest common factor of 4285554 and 79898.
182
Calculate the highest common factor of 1102 and 9372700.
38
Calculate the highest common factor of 66 and 75896832.
66
What is the greatest common divisor of 5719152 and 66?
6
Calculate the highest common divisor of 120 and 30196248.
24
Calculate the greatest common factor of 56242004 and 364.
364
Calculate the greatest common divisor of 2191 and 31254615.
2191
What is the highest common divisor of 8803578 and 126?
42
Calculate the greatest common factor of 130201680 and 6555.
285
What is the highest common factor of 36947754 and 90?
18
Calculate the highest common divisor of 4039893 and 159432.
2847
What is the greatest common factor of 1129470 and 60?
30
What is the greatest common factor of 99298979 and 26?
13
Calculate the highest common factor of 25256720 and 460.
20
Calculate the greatest common factor of 598994 and 15048.
418
Calculate the highest common divisor of 54 and 97016058.
18
What is the highest common divisor of 63630 and 27138?
6
What is the greatest common factor of 343 and 84339192?
49
What is the greatest common factor of 3564 and 20098368?
324
What is the greatest common factor of 833 and 217129423?
119
Calculate the highest common factor of 779 and 103303.
19
What is the highest common divisor of 2548566 and 414?
18
What is the highest common factor of 173287555 and 105?
35
What is the greatest common factor of 7783155 and 3915?
135
What is the highest common divisor of 464224081 and 241?
241
What is the highest common divisor of 74562 and 7893338?
1462
What is the highest common divisor of 878718 and 6576?
822
Calculate the highest common divisor of 83 and 385389833.
83
What is